- 180 = 2*q. Suppose 5*r + 5*d = 358 - 18, -3*d = 4*r - 275. Calculate the remainder when r is divided by q.
35
Suppose 41 = 12*g - 7. Calculate the remainder when 7 is divided by g.
3
Suppose 4*q - 8 = -2*z, 7 + 41 = 2*z - 4*q. Let c be 24/16 - 2/4. What is the remainder when (38 - c) + 2/4*6 is divided by z?
12
Let y(p) = p**3 + 11*p**2 + 4. Let q be -13 + -1 + 2 + -1. Let s = q + 2. Calculate the remainder when 5 is divided by y(s).
1
Suppose 3*j + 2 = 17. Suppose f = -d + 21, j*f - 15 + 118 = 3*d. What is the remainder when d is divided by 15?
11
Let t be 14/6 - 4/12. Let j be t/(-13) - 558/(-78). Suppose -11*i + 48 = -j*i. Calculate the remainder when 22 is divided by i.
10
Let f = -11 - -88. Suppose 4*h - f = 15. What is the remainder when h is divided by 6?
5
Suppose 0*r + 4*r = 36. Let v(t) = -t**3 + t**2 - t + 14. Suppose -20 = 3*c + 6*m - 2*m, 5*c = -5*m - 25. Calculate the remainder when v(c) is divided by r.
5
Let t(b) = -6*b**2 - 6. Let w(m) = -13*m**2 - m - 12. Let s(v) = -9*t(v) + 4*w(v). What is the remainder when 46 is divided by s(3)?
10
Let x(t) = 41 + 17 + 39 - 28 - t. What is the remainder when x(15) is divided by 14?
12
Calculate the remainder when 18 is divided by (12/15)/((-1)/(-5)).
2
Calculate the remainder when 0 + 26/2 - (1 - 1) is divided by 12.
1
Suppose 7*k - 2*k - 25 = 0. Suppose 0 = 3*a - 3020 + 2975. What is the remainder when a is divided by k?
0
Let r(j) = -j - 18. Let h be r(-12). What is the remainder when (76/h)/(4/(-12)) is divided by 10?
8
Suppose -18*w + 262 = -260. Calculate the remainder when 84 is divided by w.
26
Let t = 579 - 552. Suppose 5*l - 45 = 2*c, 3*c = 4*l + 5*c - 18. Calculate the remainder when t is divided by l.
6
Suppose -16*v + 80 = -11*v. Calculate the remainder when 27 is divided by v.
11
Let m = 23 - 7. Suppose -m*v = -11*v - 290. What is the remainder when v is divided by 15?
13
Suppose 0 = 3*d + 5*a + 4, 0 = -2*d - a + 5 + 4. Suppose -36 + 526 = d*w. What is the remainder when w is divided by 18?
16
Let n = -101 + 100. Let j = 40 + n. Calculate the remainder when 153 is divided by j.
36
Suppose 0 = 5*q - 39 - 16. Let s(t) = -t**3 - 14*t**2 + 16*t + 24. Let o be s(-15). Let l = 15 - o. Calculate the remainder when q is divided by l.
5
Let l = 19 + -12. Suppose -13*j + 12*j = -20. What is the remainder when j is divided by l?
6
Suppose 19*k - 252 - 166 = 0. Calculate the remainder when k is divided by 3.
1
Let b be (3/6)/(3/18). Suppose 3*c + 25 = 4*y, -2*y + b*c = -19 + 2. Suppose 2*w - y*w + 16 = 0. What is the remainder when 22 is divided by w?
6
Let t = -74 - -204. Suppose -4*f - t = -2*f. Let k = 97 + f. Calculate the remainder when k is divided by 17.
15
Suppose 4*a = b - 35, 0 = 2*b - 6*b + 4*a + 104. What is the remainder when b is divided by (88/(-77))/((-2)/14)?
7
Suppose -216 = -4*w + 4*y, w - 27 = 3*y + 23. Calculate the remainder when 278 is divided by w.
54
Suppose 0*r + 6 = 3*r. Suppose 0*b + r*b + 3*l + 4 = 0, l + 4 = 0. Suppose -a + b*a - 42 = 0. Calculate the remainder when a is divided by 4.
2
Suppose 425 + 60 = i + a, 3*a = 4*i - 1975. Calculate the remainder when i is divided by 12.
10
Let l(p) = -p + 13. What is the remainder when l(5) is divided by 7?
1
Let y = -110 - -87. Let v = -14 - y. Calculate the remainder when 77 is divided by v.
5
Let a = -3 + 5. Let v be a/10 - (-5)/(-25). Suppose v*x + x - 72 = 0. Calculate the remainder when x is divided by 25.
22
Let g = 138 - 131. What is the remainder when 40 is divided by g?
5
Let a(s) = -s**3 - 9*s**2 - 6*s - 21. What is the remainder when 194 is divided by a(-9)?
29
Let v(i) = i**3 - 32*i**2 + 114*i - 39. Calculate the remainder when 27 is divided by v(28).
10
Let k = 307 + -262. What is the remainder when 150 is divided by k?
15
Let a(i) = -2*i**2 - 3*i. Let h be a(-2). Let l be -13*1/2*h. Let s = l + -7. Calculate the remainder when 22 is divided by s.
4
Let k = 18 + -8. Suppose 0 = 4*v + 2*a + 2*a + 44, a = 5*v + 43. What is the remainder when (-3)/((-8)/v + -1) is divided by k?
7
Let u(j) = 4*j + 35. Calculate the remainder when 51 is divided by u(-5).
6
Suppose 4*d = 665 + 779. What is the remainder when d is divided by 98?
67
Let w = -188 + 184. Let z(k) = -10*k - 28. What is the remainder when (2 + 114)*2/4 is divided by z(w)?
10
Let t(u) = 19*u**3 - 14*u**3 + 13*u + 18*u**2 - 4*u**3 - 53. What is the remainder when 43 is divided by t(-17)?
13
Suppose -a - 15 = 3*o, -2*o = o + 2*a + 15. What is the remainder when 102 is divided by (-5)/((-42)/(-9) + o)?
12
Let l = 137 - 149. Calculate the remainder when 60 is divided by 2/8 + (3429/l)/(-9).
28
Let s be (-464)/(-6)*1*3. Suppose 0 = -2*f - 2*f + s. Suppose -a - 4*a + 4*l + 79 = 0, 2*l = -a + 13. Calculate the remainder when f is divided by a.
13
Let z(t) = 2*t**3 - 2*t**2 - 5*t - 3. Suppose 4*p = 10 - 2, -y + 5*p = -15. Calculate the remainder when z(4) is divided by y.
23
Suppose 0 = 2*h + 3*h + 4*m - 1264, 5*m - 1260 = -5*h. What is the remainder when h is divided by 86?
84
Suppose 7*a - 9*a = -4. Suppose 2*l - 2*m - 258 = 0, -a*l + 512 = 2*l - 3*m. Let z = -84 + l. What is the remainder when z is divided by 21?
20
Let u = -1166 + 1252. What is the remainder when 198 is divided by u?
26
Suppose 43*w = 449 + 583. What is the remainder when (2 + 4)*47/3 is divided by w?
22
Suppose 5*d - 35 = 2*o, 3*o - 20 = -d - 13. Calculate the remainder when 172 is divided by d.
4
Suppose y - 12 - 8 = 0. Suppose 4*f - 4*m - y = 0, 0 = -3*m + 7*m. Calculate the remainder when (-40)/(f/((-15)/6)) is divided by 8.
4
Let g be 3/(3/(-4))*23/(-4). Suppose 0*w + w = -4*o + 21, -w = 5*o - g. What is the remainder when w is divided by (-1)/3 + 70/21?
1
Let l = 68 + -68. Suppose l = -0*a - 3*a + 42. What is the remainder when 83 is divided by a?
13
Let u(d) = d**2 + 9*d + 2. What is the remainder when 104 is divided by u(-10)?
8
Suppose -4*q - 2*j = -44, -66 = -5*q - 7*j + 10*j. What is the remainder when 147 is divided by q?
3
Let y(u) = -u + 1. Calculate the remainder when (-575)/(-7) - 3/21 is divided by y(-6).
5
Let p = 365 - 352. Calculate the remainder when 557 is divided by p.
11
Let p = -320 - -329. What is the remainder when 142 is divided by p?
7
Let u = 52 - -288. Calculate the remainder when u is divided by 57.
55
Calculate the remainder when 2410/34 - 84/(-714) is divided by 27.
17
Let d = -29 + -16. Let b = -1 - d. Suppose 3*s + 2*n = 45, -3*s - 3*n + 15 = -2*s. Calculate the remainder when b is divided by s.
14
Suppose -5*y + m + 390 = 0, 89 - 238 = -2*y - m. Calculate the remainder when y is divided by 18.
5
Suppose -44 = 4*h - 116. Calculate the remainder when 79 is divided by h.
7
What is the remainder when (20 + 4)/(9/12) is divided by 25?
7
Suppose 2*p + 5*g = -2*p + 167, 0 = -p - 3*g + 33. Calculate the remainder when p is divided by 10.
8
Suppose -6 = -p - 2*z, -p + 7 = z + 2. Suppose -3*u + 6 = -0. Suppose 2*m = u + p. Calculate the remainder when 9 is divided by m.
0
Let a = -51 - -64. Let z be (-276)/14 - 6/21. Calculate the remainder when ((-5)/(-2))/((-2)/z) is divided by a.
12
Calculate the remainder when 2216/(-3)*(-63)/84 is divided by 37.
36
Let r(o) = -3*o**2 - 42*o + 17. What is the remainder when 406 is divided by r(-10)?
132
Suppose -4*i - 2*s = -6*s - 4080, 0 = 2*s + 6. What is the remainder when i is divided by 51?
48
Let b be (3/(-2))/(2/(-4)). Suppose 0 = b*u - 6 - 21. Suppose 3*t + 12 = 63. Calculate the remainder when t is divided by u.
8
Suppose 1 = 3*s - 4*s. Let x = s + 34. Suppose 4*o - 127 = 125. Calculate the remainder when o is divided by x.
30
Calculate the remainder when (-24)/(12/(-798)*7) is divided by 58.
54
Let g(u) = -3*u + 25. Suppose 0 = 2*f + 10, -4*z + f = -f + 46. What is the remainder when g(z) is divided by 23?
21
What is the remainder when 439 is divided by ((-1308)/24)/(3*4/(-24))?
3
Let d = 29 + -28. Calculate the remainder when 10 is divided by d.
0
Suppose -3570 + 50 = -22*z. Calculate the remainder when z is divided by 41.
37
Calculate the remainder when 109 is divided by 56/(-3)*57/(-38).
25
Let b be 2/(-1 + -2 + (4 - 3)). Let k(n) = n**3 + 5*n**2 - 5*n - 5. What is the remainder when (-59)/(b*2/2) is divided by k(-5)?
19
Suppose h + 1 = 2*l - 12, 0 = 3*l + 5*h - 26. Suppose 3*n = 5*u - 34 - 87, -3*u + 7